{"id":2995,"date":"2016-11-18T16:57:30","date_gmt":"2016-11-18T16:57:30","guid":{"rendered":"http:\/\/kirstengomez.es\/bodas\/?page_id=2995"},"modified":"2016-11-18T16:57:30","modified_gmt":"2016-11-18T16:57:30","slug":"info-2","status":"publish","type":"page","link":"http:\/\/kirstengomez.es\/bodas\/?page_id=2995","title":{"rendered":"INFO"},"content":{"rendered":"<h3 style=\"text-align: justify;\">LA MEVA FILOSOFIA<\/h3>\n<p style=\"text-align: justify;\">Procuro passar desapercebuda i intentar que no us doneu compte de la meva pres\u00e8ncia. M&#8217;agraden les fotos naturals en les que vosaltres i els vostres convidats esteu gaudint del moment sense pensar que hi ha c\u00e0meres al vostre voltant. M&#8217;agrada plasmar la naturalitat. En la mesura de lo possible el flaix estar\u00e0 amagat aix\u00ed que gaireb\u00e9 no us adonareu que us faig una foto. Perqu\u00e8 est\u00e0 naturalitat sorgeixi considero que ens hem de con\u00e8ixer abans i tenir una entrevista. Hem de tenir bon \u00abfeeling\u00bb perqu\u00e8 en el dia del casament aix\u00f2 es nota i es transmet. S\u00f3c una persona senzilla aix\u00ed que us far\u00e9 fer coses que no feu habitualment, perqu\u00e8 vull que sigueu vosaltres mateixos. Naturalitat 100% amb un toc de creativitat.<\/p>\n<p style=\"text-align: justify;\">En els meus reportatges em centro sobretot en les <span style=\"color: #800000;\">emocions<\/span> i en els <span style=\"color: #800000;\">detalls<\/span>. Aquestes coses que fan especial aquell dia, aquestes fotos que us han d&#8217;emocionar amb el pas del temps. No dono totes les fotos que faig, perqu\u00e8 us lliuro una selecci\u00f3 amena que tothom pot veure i passar una estona agradable. S\u00f3n fotos escollides amb precisi\u00f3 per representar aquell instant del vostre casament de la manera m\u00e9s bonica. Totes les imatges que jo lliuro estan editades pel que tenen aquest toc meu.<\/p>\n<h3 style=\"text-align: justify;\">JORNADA LABORAL<\/h3>\n<p style=\"text-align: justify;\">La jornada no t\u00e9 horaris, durant el dia del vostre casament,\u00a0des que comenceu a preparar-vos fins que acabeu ballant all\u00ed estar\u00e9. Quan consideri que el reportatge est\u00e0 cobert llavors donar\u00e9 per finalitzat el meu treball aquell\u00a0dia.<\/p>\n<h3>TEMPS D&#8217;ENTREGA<\/h3>\n<p style=\"text-align: justify;\">Despr\u00e9s del casament comen\u00e7a l&#8217;edici\u00f3, en la qual heu de tenir paci\u00e8ncia. Les coses ben fetes no es fan mai r\u00e0pid. Es fan amb afecte i amb la m\u00e0xima concentraci\u00f3. Pel que jo acostumo a\u00a0trigar entre 6 o 12 mesos. Us puc garantir que al final l&#8217;espera val la pena. Durant aquest per\u00edode vosaltres podreu contactar amb mi i ens veurem abans per veure l&#8217;\u00e0lbum. Tranquils! Ho veureu amb mi abans d&#8217;enviar-lo a f\u00e0brica.<\/p>\n<h3 style=\"text-align: justify;\">RESERVA DE\u00a0LA DATA<\/h3>\n<p style=\"text-align: justify;\">Un cop realitzada l&#8217;entrevista, si m&#8217;heu escollit, ens tornarem a reunir per signar el contracte de servei. D&#8217;aquesta manera tot queda ben lligat i una cosa menys de qu\u00e8 preocupar-vos fins al dia del casament. S&#8217;abonar\u00e0 un 20% del preu pactat. Unes setmanes abans del casament es realitzar\u00e0 el 40% de l&#8217;import pactat i al lliurament l&#8217;import restant 40%.<\/p>\n","protected":false},"excerpt":{"rendered":"<p>LA MEVA FILOSOFIA Procuro passar desapercebuda i intentar que no us doneu compte de la meva pres\u00e8ncia. M&#8217;agraden les fotos naturals en les que vosaltres i els vostres convidats esteu gaudint del moment sense pensar que hi ha c\u00e0meres al vostre voltant. M&#8217;agrada plasmar la naturalitat. En la mesura de lo possible el flaix estar\u00e0&#8230;<\/p>\n","protected":false},"author":1,"featured_media":0,"parent":0,"menu_order":0,"comment_status":"open","ping_status":"open","template":"","meta":{"jetpack_post_was_ever_published":false,"footnotes":""},"class_list":["post-2995","page","type-page","status-publish","hentry"],"jetpack_sharing_enabled":true,"jetpack_shortlink":"https:\/\/wp.me\/P5ZDAn-Mj","_links":{"self":[{"href":"http:\/\/kirstengomez.es\/bodas\/index.php?rest_route=\/wp\/v2\/pages\/2995","targetHints":{"allow":["GET"]}}],"collection":[{"href":"http:\/\/kirstengomez.es\/bodas\/index.php?rest_route=\/wp\/v2\/pages"}],"about":[{"href":"http:\/\/kirstengomez.es\/bodas\/index.php?rest_route=\/wp\/v2\/types\/page"}],"author":[{"embeddable":true,"href":"http:\/\/kirstengomez.es\/bodas\/index.php?rest_route=\/wp\/v2\/users\/1"}],"replies":[{"embeddable":true,"href":"http:\/\/kirstengomez.es\/bodas\/index.php?rest_route=%2Fwp%2Fv2%2Fcomments&post=2995"}],"version-history":[{"count":1,"href":"http:\/\/kirstengomez.es\/bodas\/index.php?rest_route=\/wp\/v2\/pages\/2995\/revisions"}],"predecessor-version":[{"id":2996,"href":"http:\/\/kirstengomez.es\/bodas\/index.php?rest_route=\/wp\/v2\/pages\/2995\/revisions\/2996"}],"wp:attachment":[{"href":"http:\/\/kirstengomez.es\/bodas\/index.php?rest_route=%2Fwp%2Fv2%2Fmedia&parent=2995"}],"curies":[{"name":"wp","href":"https:\/\/api.w.org\/{rel}","templated":true}]}}